 common divisor of 101970 and 126720.
990
Calculate the greatest common factor of 209 and 608.
19
Calculate the highest common divisor of 1345110 and 39.
39
Calculate the highest common factor of 6815 and 6090.
145
What is the highest common factor of 113841 and 156?
39
What is the highest common factor of 1210 and 272855?
605
What is the greatest common divisor of 1727 and 19625?
157
What is the greatest common factor of 6 and 39324?
6
Calculate the highest common divisor of 190676 and 876.
292
Calculate the greatest common factor of 513213 and 17.
17
What is the highest common divisor of 304 and 3768?
8
What is the greatest common divisor of 1558433 and 158?
79
What is the highest common divisor of 3818 and 11316?
46
Calculate the greatest common factor of 12 and 206526.
6
Calculate the greatest common factor of 51 and 124933.
17
Calculate the greatest common divisor of 5429150 and 1150.
1150
Calculate the greatest common divisor of 17367 and 252.
21
What is the greatest common divisor of 51870 and 190?
190
Calculate the greatest common factor of 22919 and 6027.
41
Calculate the greatest common factor of 285 and 8790.
15
What is the highest common factor of 4880 and 7780?
20
Calculate the highest common divisor of 950 and 4294.
38
What is the greatest common divisor of 7290 and 870?
30
Calculate the highest common divisor of 214231 and 566.
283
Calculate the highest common factor of 690 and 65826.
138
What is the highest common factor of 70 and 2604?
14
Calculate the highest common divisor of 256 and 6.
2
What is the greatest common divisor of 810 and 114282?
18
What is the greatest common factor of 40 and 14931640?
40
What is the greatest common divisor of 60916 and 1940?
388
What is the greatest common divisor of 4054193 and 143?
143
What is the greatest common factor of 513210 and 1020?
30
Calculate the highest common divisor of 63 and 64183.
7
Calculate the greatest common factor of 1505 and 476.
7
What is the highest common factor of 87812 and 29?
29
Calculate the highest common divisor of 5795 and 121885.
95
What is the highest common divisor of 104 and 473096?
104
Calculate the greatest common divisor of 1120070 and 140.
70
Calculate the highest common divisor of 85936 and 32.
16
Calculate the highest common divisor of 1634 and 2408.
86
What is the greatest common factor of 5913 and 8979?
219
Calculate the greatest common divisor of 130842 and 270.
54
What is the greatest common factor of 3188494 and 146?
146
What is the highest common divisor of 37 and 397?
1
Calculate the highest common divisor of 99 and 795.
3
Calculate the highest common factor of 3501 and 801.
9
Calculate the greatest common divisor of 2535 and 92755.
65
Calculate the greatest common factor of 1515 and 15742365.
1515
What is the greatest common divisor of 365880 and 24?
24
Calculate the highest common divisor of 8076 and 348.
12
What is the highest common divisor of 40755 and 6897?
627
Calculate the highest common divisor of 3507 and 42.
21
What is the greatest common factor of 498 and 355406?
166
Calculate the greatest common factor of 761697 and 45.
9
Calculate the greatest common divisor of 46 and 24422.
2
Calculate the greatest common divisor of 241329 and 143.
11
Calculate the greatest common divisor of 217812 and 140.
28
What is the greatest common divisor of 73602 and 1242?
54
Calculate the highest common factor of 1247386 and 3892.
1946
Calculate the highest common factor of 28 and 8704.
4
What is the highest common factor of 70740 and 2160?
540
Calculate the highest common divisor of 9 and 16407.
9
What is the highest common divisor of 378 and 6196554?
378
What is the highest common divisor of 534 and 870?
6
Calculate the greatest common factor of 105 and 145341.
21
Calculate the highest common factor of 1190018 and 2536.
634
What is the highest common factor of 1470 and 47010?
30
What is the highest common divisor of 1166526 and 18?
18
What is the greatest common factor of 460649 and 17?
17
Calculate the greatest common divisor of 590 and 826.
118
Calculate the greatest common divisor of 1073549 and 766.
383
What is the greatest common divisor of 40327 and 51026?
823
What is the greatest common factor of 292702 and 527?
31
What is the highest common factor of 5 and 1763525?
5
Calculate the highest common factor of 8936 and 108.
4
Calculate the highest common factor of 605 and 755.
5
Calculate the highest common factor of 24 and 555432.
24
Calculate the highest common divisor of 22488 and 720.
24
What is the greatest common factor of 2052 and 4158?
54
Calculate the greatest common divisor of 14 and 240891.
7
Calculate the greatest common divisor of 221236 and 568.
284
Calculate the greatest common factor of 168167 and 633.
211
Calculate the highest common factor of 29640 and 12597.
741
Calculate the highest common factor of 10120 and 502780.
460
What is the highest common factor of 63600 and 656?
16
Calculate the greatest common factor of 9196 and 7964.
44
Calculate the highest common divisor of 34 and 2485094.
34
Calculate the greatest common factor of 2748 and 35953.
229
Calculate the highest common factor of 70 and 29630.
10
Calculate the greatest common factor of 1675 and 3125.
25
Calculate the greatest common factor of 382 and 95882.
382
What is the greatest common factor of 70854 and 4998?
294
What is the greatest common factor of 203 and 121539?
29
What is the highest common divisor of 152 and 115576?
8
What is the highest common factor of 423 and 35579?
47
What is the highest common divisor of 16643080 and 40?
40
Calculate the highest common divisor of 123942 and 1092.
546
What is the greatest common divisor of 11118 and 300?
6
Calculate the highest common factor of 1064 and 502474.
266
What is the greatest common divisor of 29436 and 462?
66
Calculate the greatest common divisor of 1284 and 23326.
214
Calculate the greatest common divisor of 463 and 461611.
463
What is the highest common divisor of 2023 and 231?
7
Calculate the highest common divisor of 481 and 111.
37
What is the greatest common divisor of 2824 and 196621?
353
What is the greatest common factor of 3140 and 8920?
20
Calculate the highest common factor of 135 and 24435.
135
What is the highest common divisor of 321 and 105181?
107
What is the highest common divisor of 242502 and 546?
78
Calculate the highest common factor of 21216 and 6318.
78
What is the greatest common factor of 201201 and 1456?
91
Calculate the greatest common divisor of 12787 and 152.
19
What is the greatest common factor of 11495584 and 92?
92
Calculate the highest common divisor of 665 and 10165.
95
What is the highest common factor of 349646 and 3036?
506
What is the greatest common factor of 425646 and 2754?
306
What is the highest common divisor of 390 and 420342?
78
Calculate the greatest common divisor of 22 and 1075129.
11
What is the greatest common divisor of 76 and 11603338?
38
What is the greatest common divisor of 19189 and 62?
31
What is the greatest common factor of 285894 and 686?
14
What is the greatest common factor of 2484 and 387?
9
Calculate the greatest common divisor of 4290 and 2376.
66
What is the highest common divisor of 78 and 73398?
78
Calculate the highest common divisor of 800 and 46100.
100
What is the highest common divisor of 352590 and 46?
46
Calculate the highest common factor of 11 and 15633.
1
Calculate the greatest common divisor of 7171 and 1414.
101
What is the greatest common divisor of 984 and 13665?
3
Calculate the highest common factor of 1788 and 1260.
12
What is the highest common divisor of 1316 and 532?
28
What is the greatest common divisor of 187 and 76823?
17
What is the highest common divisor of 760228 and 2660?
532
What is the highest common divisor of 634955 and 290?
145
What is the greatest common divisor of 114870 and 6?
6
Calculate the greatest common factor of 1702 and 247974.
74
Calculate the highest common factor of 305436 and 228.
12
Calculate the highest common factor of 534 and 98.
2
What is the highest common divisor of 5533 and 253?
11
Calculate the greatest common factor of 157000 and 54500.
500
Calculate the highest common divisor of 146421 and 66.
33
What is the highest common divisor of 15535 and 39?
13
Calculate the highest common fac